{"id":5,"date":"2018-08-05T21:03:12","date_gmt":"2018-08-05T21:03:12","guid":{"rendered":"https:\/\/www.eole07.fr\/?page_id=5"},"modified":"2018-08-06T17:16:38","modified_gmt":"2018-08-06T17:16:38","slug":"politique-de-confidentialite","status":"publish","type":"page","link":"https:\/\/www.eole07.fr\/?page_id=5","title":{"rendered":"Politique de confidentialit\u00e9"},"content":{"rendered":"<h2>Qui sommes-nous\u00a0?<\/h2>\n<p>L\u2019adresse de notre site Web est\u00a0: https:\/\/www.eole07.fr.<\/p>\n<p>Cette p\u00e9tition est pr\u00e9sent\u00e9e par plusieurs associations de d\u00e9fense de l&rsquo;environnement de l&rsquo;Ard\u00e8che que l&rsquo;on peut contacter \u00e0 l&rsquo;adresse\u00a0<a href=\"contact@eole07.fr\">contact@eole07.fr<\/a><\/p>\n<h2>Utilisation des donn\u00e9es personnelles collect\u00e9es<\/h2>\n<p>Les donn\u00e9es personnelles connect\u00e9es ne seront utilis\u00e9es que par les associations signataires de la p\u00e9tition, et pour la seule communication sur l&rsquo;environnement en Ard\u00e8che.<\/p>\n","protected":false},"excerpt":{"rendered":"<p>Qui sommes-nous\u00a0? L\u2019adresse de notre site Web est\u00a0: https:\/\/www.eole07.fr. Cette p\u00e9tition est pr\u00e9sent\u00e9e par plusieurs associations de d\u00e9fense de l&rsquo;environnement de l&rsquo;Ard\u00e8che que l&rsquo;on peut contacter \u00e0 l&rsquo;adresse\u00a0contact@eole07.fr Utilisation des donn\u00e9es personnelles collect\u00e9es Les donn\u00e9es personnelles connect\u00e9es ne seront utilis\u00e9es que par les associations signataires de la p\u00e9tition, et pour la seule communication sur l&rsquo;environnement &hellip; <a href=\"https:\/\/www.eole07.fr\/?page_id=5\" class=\"more-link\">Continuer la lecture<span class=\"screen-reader-text\"> de &laquo;&nbsp;Politique de confidentialit\u00e9&nbsp;&raquo;<\/span><\/a><\/p>\n","protected":false},"author":1,"featured_media":0,"parent":0,"menu_order":0,"comment_status":"closed","ping_status":"closed","template":"","meta":{"footnotes":""},"class_list":["post-5","page","type-page","status-publish","hentry"],"_links":{"self":[{"href":"https:\/\/www.eole07.fr\/index.php?rest_route=\/wp\/v2\/pages\/5","targetHints":{"allow":["GET"]}}],"collection":[{"href":"https:\/\/www.eole07.fr\/index.php?rest_route=\/wp\/v2\/pages"}],"about":[{"href":"https:\/\/www.eole07.fr\/index.php?rest_route=\/wp\/v2\/types\/page"}],"author":[{"embeddable":true,"href":"https:\/\/www.eole07.fr\/index.php?rest_route=\/wp\/v2\/users\/1"}],"replies":[{"embeddable":true,"href":"https:\/\/www.eole07.fr\/index.php?rest_route=%2Fwp%2Fv2%2Fcomments&post=5"}],"version-history":[{"count":3,"href":"https:\/\/www.eole07.fr\/index.php?rest_route=\/wp\/v2\/pages\/5\/revisions"}],"predecessor-version":[{"id":23,"href":"https:\/\/www.eole07.fr\/index.php?rest_route=\/wp\/v2\/pages\/5\/revisions\/23"}],"wp:attachment":[{"href":"https:\/\/www.eole07.fr\/index.php?rest_route=%2Fwp%2Fv2%2Fmedia&parent=5"}],"curies":[{"name":"wp","href":"https:\/\/api.w.org\/{rel}","templated":true}]}}